True
Is 11004127 a prime number?
True
Is 19724387 composite?
False
Is 439559 a prime number?
True
Is 7533353 a composite number?
True
Is 6283282 prime?
False
Is 656509 composite?
True
Is 673583 a prime number?
False
Is 9408253 a prime number?
True
Is 27903583 prime?
True
Is 195885163 a composite number?
False
Is 158511259 a composite number?
False
Is 5514107 composite?
False
Is 111706763 composite?
True
Is 18789977 prime?
False
Is 47498183 a composite number?
False
Is 1324801 composite?
True
Is 5297653 a prime number?
False
Is 6423257 a prime number?
True
Is 20068871 a prime number?
True
Is 27451799 a prime number?
True
Is 100030253 composite?
False
Is 99521 prime?
False
Is 689693 a prime number?
True
Is 9527999 a composite number?
True
Is 237577 composite?
True
Is 598303 a composite number?
False
Is 3709609 prime?
False
Is 8921629 prime?
True
Is 40501589 prime?
False
Is 13868117 composite?
False
Is 38099253 a composite number?
True
Is 227285899 a composite number?
False
Is 94375403 composite?
False
Is 310625179 composite?
False
Is 16352629 a composite number?
False
Is 2216729 a composite number?
False
Is 5553851 a composite number?
True
Is 1954145 composite?
True
Is 24658741 a composite number?
False
Is 3372757 a composite number?
False
Is 70531 composite?
True
Is 54084235 composite?
True
Is 8669083 composite?
False
Is 30164089 a prime number?
False
Is 4282789 composite?
True
Is 992081 composite?
True
Is 13085843 composite?
False
Is 45511757 a prime number?
False
Is 12868127 composite?
True
Is 57805583 prime?
False
Is 86524549 a composite number?
True
Is 5066277 a prime number?
False
Is 6053261 composite?
True
Is 43949086 a composite number?
True
Is 405373 a composite number?
False
Is 48640679 composite?
True
Is 53004467 prime?
False
Is 5223457 composite?
False
Is 359848457 a prime number?
False
Is 16801637 composite?
True
Is 562399 prime?
True
Is 1265249 prime?
True
Is 167149523 a prime number?
False
Is 17858 prime?
False
Is 2548127 a prime number?
True
Is 63566243 composite?
True
Is 197462501 composite?
True
Is 210731 a prime number?
True
Is 48655469 a prime number?
True
Is 10548779 a composite number?
True
Is 983741 a composite number?
True
Is 96350567 a composite number?
True
Is 33239587 prime?
True
Is 7864903 a composite number?
False
Is 163193 a prime number?
True
Is 13554013 composite?
True
Is 19461919 a prime number?
True
Is 34723967 a composite number?
False
Is 362203571 a composite number?
False
Is 2832049 composite?
True
Is 25804369 prime?
False
Is 52236647 composite?
False
Is 4177051 prime?
True
Is 14601859 a composite number?
False
Is 74251 composite?
True
Is 31640209 a prime number?
False
Is 292403 composite?
True
Is 836567 a composite number?
False
Is 133894437 a prime number?
False
Is 2423999 prime?
True
Is 199247 a composite number?
False
Is 218511959 a composite number?
False
Is 8323069 a composite number?
False
Is 81272969 composite?
False
Is 9987071 prime?
True
Is 1111441 a prime number?
False
Is 32289627 composite?
True
Is 90085727 composite?
False
Is 1038347 a composite number?
True
Is 6222607 prime?
True
Is 3269441 prime?
False
Is 20603941 composite?
False
Is 37555202 prime?
False
Is 160531081 prime?
False
Is 36539059 a prime number?
True
Is 244614353 prime?
True
Is 196980099 prime?
False
Is 28511677 a prime number?
True
Is 6496747 composite?
False
Is 176226983 prime?
True
Is 5543353 a composite number?
True
Is 254346251 composite?
True
Is 184456193 composite?
False
Is 29009423 a composite number?
False
Is 28904243 prime?
True
Is 2213491 a composite number?
True
Is 11530691 composite?
True
Is 126024901 prime?
True
Is 76660139 a composite number?
False
Is 41166305 composite?
True
Is 8853401 composite?
False
Is 171359345 a prime number?
False
Is 882937681 a composite number?
False
Is 1016791 prime?
False
Is 78910331 composite?
False
Is 27128102 prime?
False
Is 474314 prime?
False
Is 653063 a prime number?
False
Is 14874929 a prime number?
False
Is 15222253 a composite number?
True
Is 328421591 a prime number?
False
Is 2197906 prime?
False
Is 4801267 prime?
True
Is 613253201 composite?
True
Is 19359323 a prime number?
True
Is 68271041 prime?
True
Is 363467051 a composite number?
True
Is 24811529 prime?
True
Is 4987127 a composite number?
False
Is 18064699 prime?
True
Is 3012871 a prime number?
True
Is 8310959 composite?
False
Is 2852351 composite?
False
Is 6252067 composite?
True
Is 208553 composite?
False
Is 21622547 composite?
True
Is 4415143 composite?
False
Is 287100379 composite?
True
Is 309688121 prime?
True
Is 7404971 a prime number?
False
Is 47391451 a composite number?
True
Is 16962289 composite?
False
Is 5691107 a composite number?
True
Is 26161207 prime?
True
Is 161365511 a prime number?
False
Is 78816293 a composite number?
True
Is 3255227 a prime number?
True
Is 10104253 a composite number?
False
Is 170673 a prime number?
False
Is 7481009 a composite number?
False
Is 23046169 composite?
True
Is 45419507 a prime number?
False
Is 2635819 a prime number?
True
Is 118991 a composite number?
True
Is 62627057 a composite number?
True
Is 17597929 a prime number?
True
Is 27368173 prime?
False
Is 53651891 a prime number?
True
Is 3759929 a prime number?
False
Is 354383 a prime number?
True
Is 14772893 a composite number?
False
Is 62320597 prime?
True
Is 260993 a prime number?
False
Is 1033741 a composite number?
False
Is 7024378 a composite number?
True
Is 1894571 prime?
False
Is 292763 composite?
True
Is 37686157 a composite number?
False
Is 52836647 composite?
True
Is 13275959 a prime number?
True
Is 27564367 a prime number?
False
Is 2836217 a composite number?
True
Is 522037553 prime?
True
Is 3403167 a composite number?
True
Is 58922737 composite?
False
Is 84920567 prime?
True
Is 58637791 a composite number?
False
Is 1297759 prime?
False
Is 105817 prime?
True
Is 36350557 prime?
False
Is 9942433 a composite number?
True
Is 306866227 a composite number?
True
Is 303677711 a prime number?
True
Is 85450571 a prime number?
True
Is 2833639 a composite number?
True
Is 34399213 a composite number?
False
Is 1529497 prime?
False
Is 33674471 prime?
True
Is 1776024529 a composite number?
False
Is 3889157 composite?
False
Is 2182601 composite?
False
Is 98152639 a composite number?
True
Is 24701177 a composite number?
True
Is 18503193 a prime number?
False
Is 99898121 prime?
True
Is 666157 prime?
False
Is 311737 a prime number?
True
Is 40669197 composite?
True
Is 52609 a composite number?
False
Is 169686427 a composite number?
False
Is 1524319 a prime number?
True
Is 20736173 prime?
True
Is 94548259 a prime number?
False
Is 117924997 prime?
True
Is 65692969 composite?
False
Is 2772203 prime?
False
Is 146819 a composite number?
False
Is 177374227 a prime number?
True
Is 3510061 a prime number?
False
Is 21099007 prime?
True
Is 16685707 a prime number?
True
Is 7152601 a composite number?
True
Is 3355187 prime?
False
Is 6867403 a composite number?
True
Is 309378403 composite?
False
Is 36192909 composite?
True
Is 7693607 a composite number?
True
Is 16445251 prime?
True
Is 3702203 composite?
True
Is 6247691 composite?
False
Is 4914059 a prime number?
True
Is 143147 prime?
False
Is 10682657 composite?
True
Is 13742803 prime?
True
Is 197667923 a prime number?
True
Is 1823269 composite?
True
Is 46594981 a prime number?
True
Is 28779493 prime?
False
Is 31779731 prime?
True
Is 530791 a prime number?
False
Is 3483167 prime?
True
Is 14911529 a prime number?
False
Is 9131491 a prime number?
False
Is 2080387 composite?
True
Is 1084227 composite?
True
Is 177424229 a composite number?
False
Is 38807767 a composite number?
False
Is 4159147 prime?
True
Is 1758283 composite?
False
Is 29235917 a prime number?
False
Is 6616919 a prime number?
False
Is 8536831 prime?
True
Is 689283563 prime?
False
Is 5899567 composite?
False
Is 1505873 composite?
False
Is 556083985 composite?
True
Is 14980121 prime?
False
Is 8905495 composite?
True
Is 50759407 prime?
True
Is 481215797 composite?
False
Is 5445839 a composite number?
True
Is 19962893 a composite number?
False
Is 21953539 a composite number?
True
Is 15141289 prime?
False
Is 211223309 composite?
True
Is 30616613 a composite number?
True
Is 130686889 a prime number?
False
Is 167916145 prime?
False
Is 3350